 + 6159?
6134
In base 9, what is -3510313 - 3?
-3510316
In base 2, what is -10 + -1011110001010010011?
-1011110001010010101
In base 3, what is 10 - 20120002?
-20112222
In base 14, what is 4 - -1431?
1435
In base 3, what is 20 + -100202212?
-100202122
In base 15, what is -23cd1 - 11?
-23ce2
In base 2, what is 11 + -1101111110111?
-1101111110100
In base 16, what is 2e029 - -2?
2e02b
In base 2, what is -1 + 111110111001010?
111110111001001
In base 9, what is 4 - 447424?
-447420
In base 9, what is -124 + 63?
-51
In base 10, what is -3597 - -3?
-3594
In base 15, what is 27381b + 0?
27381b
In base 10, what is 20565 - -3?
20568
In base 15, what is -2810d - -3?
-2810a
In base 14, what is 795 + -2c?
767
In base 10, what is 273 - 185?
88
In base 12, what is -2 + -2a33?
-2a35
In base 2, what is -1011 + 1000010011110011?
1000010011101000
In base 7, what is 1013354 + -2?
1013352
In base 13, what is -3cc - -347?
-85
In base 9, what is -2618202 - -4?
-2618187
In base 2, what is 10100000 + -11111011110?
-11100111110
In base 12, what is -14 + -148?
-160
In base 6, what is -24524 - 5141?
-34105
In base 2, what is -111 + -1010111111110111100?
-1010111111111000011
In base 14, what is 390 + -6b8?
-328
In base 8, what is 0 + 226334?
226334
In base 4, what is 1000 - 31110?
-30110
In base 8, what is 1065706 + -1?
1065705
In base 4, what is 11320131 + 23?
11320220
In base 4, what is 22 + -211132?
-211110
In base 2, what is -1 + 1000100111001010110?
1000100111001010101
In base 15, what is -1 - 2b73?
-2b74
In base 3, what is 201 - 220211211?
-220211010
In base 7, what is -16164154 + -1?
-16164155
In base 10, what is -8 - -2493?
2485
In base 2, what is -101011111110 + 100000?
-101011011110
In base 3, what is 222101022012 - 11?
222101022001
In base 14, what is -bb39 - 1a?
-bb55
In base 8, what is 103 - -727?
1032
In base 3, what is -2002222 - -122210?
-1110012
In base 13, what is -492800 + -5?
-492805
In base 9, what is 3 + 1676511?
1676514
In base 5, what is 2402 + 1342?
4244
In base 2, what is 10010 + -110100010001010110?
-110100010001000100
In base 7, what is -51531 + 1?
-51530
In base 16, what is -2 - -2289b?
22899
In base 16, what is -b4 - 26b?
-31f
In base 15, what is e6 + ed?
1e4
In base 3, what is -11000222022 - 1?
-11000222100
In base 8, what is -45 + -22104?
-22151
In base 4, what is -2 - -100232333?
100232331
In base 3, what is 1021100 + 20?
1021120
In base 9, what is -3645 + 362?
-3273
In base 7, what is -122 - 325006?
-325131
In base 9, what is 3334 + -1233?
2101
In base 6, what is -2442415 - 43?
-2442502
In base 8, what is 2 + -546517?
-546515
In base 3, what is 20001212 - -12?
20002001
In base 10, what is 3789 - 38?
3751
In base 3, what is -110 + -111002012?
-111002122
In base 5, what is -2314440 + 0?
-2314440
In base 15, what is 4b - -2a3?
2ee
In base 11, what is -50a9 - -4?
-50a5
In base 11, what is -58a44 + -2?
-58a46
In base 16, what is 929 + 451?
d7a
In base 14, what is -55 - -12b40?
12ac9
In base 7, what is 26 + -5015?
-4656
In base 13, what is 87b + -5?
876
In base 9, what is -57 + -1457?
-1525
In base 4, what is 2100121011 - 11?
2100121000
In base 2, what is -1100101100001001 - -111?
-1100101100000010
In base 4, what is -10 - -11231333120?
11231333110
In base 7, what is -24 - -24661?
24634
In base 9, what is 101341 - 82?
101248
In base 10, what is -9 - 90925?
-90934
In base 7, what is 432154 - -1?
432155
In base 12, what is 67a - 29?
651
In base 11, what is 2734 - -283?
2a07
In base 15, what is 4 - 1bd9?
-1bd5
In base 11, what is -7330a9 + 1?
-7330a8
In base 3, what is 212 + -2210200102?
-2210122120
In base 5, what is 1001 - 0?
1001
In base 2, what is 1011100001101 - 10100?
1011011111001
In base 7, what is -3 + 4236?
4233
In base 10, what is -26 - 28?
-54
In base 6, what is 220432 + 13?
220445
In base 4, what is 0 + -332121201?
-332121201
In base 12, what is -444046b + -3?
-4440472
In base 3, what is -201001110 - -1011?
-201000022
In base 8, what is 504155 - -3?
504160
In base 4, what is 1032 - -310?
2002
In base 2, what is -10001 + 101111100001011?
101111011111010
In base 5, what is 310433 + -10?
310423
In base 7, what is -1 - -10201603?
10201602
In base 2, what is 100110110110011 - -10000?
100110111000011
In base 16, what is 0 - 25cff?
-25cff
In base 6, what is 1040321 - 5?
1040312
In base 16, what is -4 - -82a19?
82a15
In base 4, what is -3112212021 - -3?
-3112212012
In base 2, what is 1101101111011011 + 101?
1101101111100000
In base 2, what is -10001111001001011 - 0?
-10001111001001011
In base 15, what is -464 - 1a?
-47e
In base 14, what is -2 + -14ac?
-14b0
In base 8, what is -41 + -110?
-151
In base 10, what is -20479 + -51?
-20530
In base 11, what is 1a82 + 33?
2005
In base 10, what is -31207 - -2?
-31205
In base 13, what is c9 - 31?
98
In base 15, what is -13 + -980?
-993
In base 13, what is -3308 - -8a?
-324b
In base 16, what is -28 - 13d?
-165
In base 13, what is 71 + 7?
78
In base 2, what is 11010111111100 + -10?
11010111111010
In base 11, what is 4 - 5306?
-5302
In base 13, what is 10 - 153c?
-152c
In base 10, what is 293 - -144?
437
In base 3, what is -2101020 - -21102?
-2002211
In base 6, what is -4 - 1102232?
-1102240
In base 10, what is 18170 + -2?
18168
In base 10, what is 0 - 72917?
-72917
In base 3, what is 2212211 - -122001?
10111212
In base 5, what is -111 - 210120?
-210231
In base 4, what is 1113 - 1103?
10
In base 7, what is 42324 - -1010?
43334
In base 3, what is 122222200201 + -1?
122222200200
In base 5, what is 24212 - 2412?
21300
In base 7, what is -1030 + 3225?
2165
In base 7, what is -34203 + 4?
-34166
In base 2, what is -1 - -100100010101001?
100100010101000
In base 13, what is 11 + 1345?
1356
In base 4, what is -230 + -10111?
-11001
In base 13, what is -3c + -2371?
-23b0
In base 3, what is 1211022101 - -21?
1211022122
In base 10, what is 605 - -31?
636
In base 12, what is -5 - 8843?
-8848
In base 6, what is 11503 - -32300?
44203
In base 9, what is 180554 + 12?
180566
In base 11, what is 2 - -31305?
31307
In base 14, what is 22c8c - 4?
22c88
In base 2, what is 11111011100101000011 + -11?
11111011100101000000
In base 6, what is -10 + 14410401?
14410351
In base 7, what is -3132441 - -11?
-3132430
In base 13, what is -644731 + -2?
-644733
In base 15, what is -2 - 13c0?
-13c2
In base 14, what is -5201 + a?
-51d5
In base 8, what is -447 + -1353?
-2022
In base 13, what is 4 + -34891?
-3488a
In base 10, what is 91648 + -8?
91640
In base 4, what is 10000323 - -10?
10000333
In base 2, what is -1000101111100 - 100000?
-1000110011100
In base 12, what is 535 - 47?
4aa
In base 4, what is 211 - -23133?
30010
In base 5, what is -4 + 44321040?
44321031
In base 10, what is -49 - -7714?
7665
In base 14, what is 102 - -70c?
810
In base 3, what is 1 - -2122200?
2122201
In base 7, what is 0 + -2125?
-2125
In base 2, what is 111110000010000 + -11101?
111101111110011
In base 10, what is -130861 - 0?
-130861
In base 2, what is -1010000 + -10111100?
-100001100
In base 6, what is -402443 - 3?
-402450
In base 14, what is -20996d - -3?
-20996a
In base 11, what is 14058 - 6?
14052
In base 4, what is -23 + -1233122?
-1233211
In base 13, what is 14cc1 - 0?
14cc1
In base 11, what is -53 + 1933?
1890
In base 4, what is 1002103 - -132?
1002301
In base 11, what is -316 + -20?
-336
In base 2, what is -100011 - 1100100011011?
-1100100111110
In base 8, what is 7507 + 101?
7610
In base 10, what is 1 + -37068?
-37067
In base 14, what is -3 - -2ad6a?
2ad67
In base 9, what is -57 - 237?
-305
In base 6, what is 4 + 25312?
25320
In base 4, what is -11211301 + -12?
-11211313
In base 6, what is 14324510 - -2?
14324512
In base 6, what is 521 - 1250?
-325
In base 12, what is 27636 + 0?
27636
In base 15, what is -45a - 4de?
-949
In base 15, what is -18e8a - -3?
-18e87
In base 8, what is -101 - 345?
-446
In base 16, what is -4b + -2259?
-22a4
In base 13, what is 21b08 + -4?
21b04
In base 10, what is 1023 + -141?
882
In base 5, what is 3 - -11133034?
11133042
In base 2, what is -10011101100000100111 + -10?
-10011101100000101001
In base 6, what is 202552 - 5?
202543
In base 14, what is -315 - 40?
-355
In base 6, what is -4 + -522102?
-522110
In base 15, what is -1 - 16ae6b?
-16ae6c
In base 6, what is -20004 - 22?
-20030
In base 5, what is 0 + 2122130?
2122130
In bas